-201031022 + -3?
-201031031
In base 13, what is -2a + -54?
-81
In base 10, what is 6 - 390435?
-390429
In base 10, what is -5 - -9142?
9137
In base 9, what is 4 + -1356106?
-1356102
In base 15, what is 7cd9d - -5?
7cda3
In base 3, what is -102011 - -11122012?
11020001
In base 15, what is 3451c + 0?
3451c
In base 12, what is a5 + 2627?
2710
In base 10, what is 156324 + -13?
156311
In base 3, what is 1021 + -1202020?
-1200222
In base 2, what is -1010100101 - 1110101?
-1100011010
In base 10, what is -323279 - -1?
-323278
In base 13, what is -881 - 303?
-b84
In base 2, what is 101 - -101101011100001?
101101011100110
In base 6, what is -2 - 2421503?
-2421505
In base 14, what is 0 + -31825?
-31825
In base 6, what is -541443432 + -3?
-541443435
In base 11, what is -6 + -3542?
-3548
In base 9, what is 1 + 1636?
1637
In base 8, what is -305123 - 0?
-305123
In base 11, what is -6004 - -517?
-5598
In base 14, what is 615 + 13c8?
19dd
In base 16, what is -4 - a17?
-a1b
In base 12, what is -13 + -a94a?
-a961
In base 4, what is -1110303100 + 2?
-1110303032
In base 11, what is 11a267 - 2?
11a265
In base 11, what is -a771 + -240?
-aa01
In base 10, what is -2787 - 191?
-2978
In base 16, what is 1c3 + 169?
32c
In base 9, what is -4 + 3002700?
3002685
In base 12, what is 20 - 3b67?
-3b47
In base 10, what is 3 + -198776?
-198773
In base 3, what is -120020 + -11002?
-201022
In base 14, what is -4 + b2ca2?
b2c9c
In base 14, what is 1 + 5144?
5145
In base 2, what is -111 + -1010110101011100010?
-1010110101011101001
In base 12, what is -310b2 - 4?
-310b6
In base 16, what is -183c1 + -5?
-183c6
In base 8, what is 322 - -5154?
5476
In base 5, what is -3034120 - -22?
-3034043
In base 2, what is -100011111010 - 1001?
-100100000011
In base 10, what is -442 - 501?
-943
In base 7, what is 4 - 351100?
-351063
In base 16, what is -1ac510 - 3?
-1ac513
In base 9, what is 142416 - 4?
142412
In base 6, what is -1110030 + -1?
-1110031
In base 16, what is -14a5 - 4?
-14a9
In base 16, what is e + 94c?
95a
In base 14, what is 739b + 3?
73a0
In base 13, what is 60b + 1249?
1857
In base 15, what is 7c + -1b?
61
In base 8, what is -2 + 14401?
14377
In base 12, what is -a - 86526?
-86534
In base 12, what is 5 + -251?
-248
In base 2, what is 101101001011 - 1010?
101101000001
In base 15, what is 1c - -139?
156
In base 4, what is 102231 - 1130?
101101
In base 4, what is 310 + 123211?
130121
In base 3, what is -220021000 + 11?
-220020212
In base 7, what is -166 - 1035?
-1234
In base 8, what is 35 + -16510?
-16453
In base 5, what is 1400 - -1330?
3230
In base 6, what is 3 - 12432055?
-12432052
In base 3, what is 111 + -1220012?
-1212201
In base 8, what is -253 - 417?
-672
In base 5, what is 10 - 13243431?
-13243421
In base 16, what is 10fe9 - 5?
10fe4
In base 6, what is 5 - -54224?
54233
In base 6, what is 1243 - 14530?
-13243
In base 11, what is 624a17 - 0?
624a17
In base 7, what is -1012 + 1?
-1011
In base 4, what is -133221 + 11?
-133210
In base 7, what is -6 - 61202?
-61211
In base 16, what is -617 - 367?
-97e
In base 2, what is 101101001100101 + 1100?
101101001110001
In base 6, what is 25 + -24230?
-24201
In base 12, what is -1160 - 34?
-1194
In base 6, what is -1 - 405245?
-405250
In base 5, what is 4 - 144041043?
-144041034
In base 12, what is 31624 - 2?
31622
In base 3, what is -101 + -2122111112?
-2122111220
In base 12, what is 1aba785 + 5?
1aba78a
In base 8, what is 2 - 13256?
-13254
In base 4, what is -311122 + -232?
-312020
In base 9, what is 5685 - 33?
5652
In base 4, what is -1013212120 + 11?
-1013212103
In base 2, what is -10000000101 - -1010?
-1111111011
In base 16, what is -d + -17d44?
-17d51
In base 4, what is 112 + 232321?
233033
In base 14, what is 14 + 2156?
216a
In base 4, what is -2003 + -31?
-2100
In base 15, what is -72 - -1ad?
13b
In base 13, what is 23b456 + -1?
23b455
In base 11, what is 326 + -7?
31a
In base 16, what is 2 - -b7154?
b7156
In base 14, what is -3a41 + -1?
-3a42
In base 12, what is -536 + 90?
-466
In base 14, what is -14 + 4986?
4972
In base 8, what is -12 - -2246?
2234
In base 5, what is -32412 - -300?
-32112
In base 15, what is 28c78 - 4?
28c74
In base 3, what is -12210211 - -20?
-12210121
In base 12, what is -11 - -2a3a?
2a29
In base 11, what is -a94 - 185a?
-2843
In base 9, what is 744 + 6?
751
In base 7, what is 106 + -2212?
-2103
In base 15, what is -4576 + b?
-456a
In base 3, what is 10 - -100210010?
100210020
In base 3, what is 1 - 101100100222?
-101100100221
In base 14, what is 28735 + 4?
28739
In base 5, what is 300414 - -23?
300442
In base 14, what is 16d6 + -1?
16d5
In base 3, what is 12 + -2110000011?
-2102222222
In base 15, what is -830ee + 4?
-830ea
In base 13, what is 8c3 - 34b?
575
In base 12, what is 15 - -1148?
1161
In base 8, what is 36 + -37156?
-37120
In base 11, what is -23 - -3119?
30a6
In base 12, what is 7 + 5787a?
57885
In base 14, what is -1 - -1cbc?
1cbb
In base 2, what is 100011101 - -111100?
101011001
In base 9, what is -47 + -682?
-740
In base 2, what is -1000 + -1110111111100?
-1111000000100
In base 6, what is -42 - -550130?
550044
In base 2, what is 11110 + 100101100011001100?
100101100011101010
In base 2, what is -1111100001 + -1111?
-1111110000
In base 14, what is -54 + 130?
ba
In base 4, what is 1101 - -202?
1303
In base 4, what is 2001333 - 10033?
1331300
In base 9, what is 1145840 - 4?
1145835
In base 14, what is 12b202 - -3?
12b205
In base 11, what is -16a + 31?
-139
In base 6, what is 355 - -1554?
2353
In base 6, what is 3 + -23212?
-23205
In base 4, what is -10 - -1223033?
1223023
In base 16, what is -85734 + -2?
-85736
In base 3, what is -112 + 20112002?
20111120
In base 13, what is 2b5869 - 0?
2b5869
In base 2, what is 0 - -1010111101110?
1010111101110
In base 12, what is 176a97 - -3?
176a9a
In base 14, what is -267 + 51?
-216
In base 13, what is -5cab + -14?
-5cc2
In base 4, what is -3 + -10223221?
-10223230
In base 7, what is -423 + 4541?
4115
In base 11, what is -5 - 23129?
-23133
In base 10, what is 765 - -86?
851
In base 14, what is 1d - -25b6?
25d5
In base 2, what is -111011011 - -110110111?
-100100
In base 8, what is 131 - -2477?
2630
In base 7, what is -1465161 + -46?
-1465240
In base 15, what is -6 + 59e59?
59e53
In base 5, what is 213441 + -3?
213433
In base 6, what is 350 - -5042?
5432
In base 3, what is -11020120 + -1202?
-11022022
In base 7, what is 1 + 1006335?
1006336
In base 10, what is -5 + -15474?
-15479
In base 9, what is 3 + 826857?
826861
In base 8, what is -73363 - 4?
-73367
In base 2, what is 110 + 111100111110111?
111100111111101
In base 4, what is -1 + -2110200?
-2110201
In base 10, what is -1 + -49835?
-49836
In base 8, what is 102 + 70?
172
In base 10, what is -24919 + 0?
-24919
In base 10, what is 4330 - 81?
4249
In base 13, what is -2 - 79045?
-79047
In base 4, what is -311311 + -113?
-312030
In base 11, what is -35 + -9a0?
-a25
In base 10, what is 6 + 15651?
15657
In base 13, what is 45 + 56a?
5b2
In base 7, what is -5 + 4161003?
4160665
In base 8, what is 125 - -5000?
5125
In base 15, what is 15 + -c3d4?
-c3be
In base 14, what is -51a3 - c2?
-5285
In base 6, what is -14043 - -21?
-14022
In base 7, what is -200 + 1333?
1133
In base 16, what is -2 + -d484?
-d486
In base 8, what is 107 + 1474?
1603
In base 2, what is 11101010000100101110 - -10?
11101010000100110000
In base 16, what is -b3 - 415?
-4c8
In base 2, what is -10010011 - -111010000?
100111101
In base 7, what is -13602 + 3?
-13566
In base 9, what is 26 - -572351?
572377
In base 16, what is 76701 + -3?
766fe
In base 6, what is -14545 - -112?
-14433
In base 10, what is 524 + 59?
583
In base 9, what is 3 - 225472?
-225468
In base 8, what is -1 - 552476?
-552477
In base 8, what is -2 - 12450?
-12452
In base 5, what is -2440 + -240?
-3230
In base 13, what is 5 + a028?
a030
In base 15, what is 759c - 2?
759a
In base 8, what is -4000466 - 2?
-4000470
In base 2, what is 1111111 + 10011110011111?
10100000011110
In base 6, what is -2053101 - 3?
-2053104
In base 15, what is 3 + 5282?
5285
In base 14, what is 2 - 5a2a?
-5a28
In base 16, what is -1c1 + 1?
-1c0
In base 6, what is -1344 - 2113?
-3501
In base 10, what is -4 - -1852?
1848
In base 3, what is 1102210020 - -1120?
1102211210
In base 7, what is 64 - 231541?
-231444
In bas